?
True
Is 12235 a prime number?
False
Is 93683 a prime number?
True
Is 725035 prime?
False
Is 160359 a composite number?
True
Is 29803 a composite number?
False
Is 180067 a composite number?
True
Is 1346387 a composite number?
True
Is 508159 a composite number?
False
Is 88069 prime?
True
Is 188107 a composite number?
False
Is 51767 composite?
False
Is 55799 a composite number?
False
Is 225427 a prime number?
True
Is 20257 prime?
False
Is 65761 composite?
False
Is 64417 prime?
False
Is 2099 composite?
False
Is 104087 prime?
True
Is 44747 prime?
False
Is 326 composite?
True
Is 240895 a composite number?
True
Is 1379923 prime?
True
Is 146291 a composite number?
False
Is 7017 a composite number?
True
Is 28181 a composite number?
False
Is 17657 a prime number?
True
Is 584921 prime?
False
Is 21139 composite?
False
Is 55906 composite?
True
Is 96851 a composite number?
False
Is 20399 a prime number?
True
Is 322067 a composite number?
False
Is 757309 composite?
True
Is 3307 a composite number?
False
Is 2081 a composite number?
False
Is 898341 a composite number?
True
Is 285641 a prime number?
True
Is 91771 a composite number?
False
Is 2815 a composite number?
True
Is 438649 a prime number?
False
Is 26997 prime?
False
Is 1361 composite?
False
Is 54941 a prime number?
True
Is 58109 composite?
False
Is 27923 composite?
True
Is 401 a composite number?
False
Is 1061405 composite?
True
Is 37186 prime?
False
Is 38123 composite?
True
Is 2879 a prime number?
True
Is 11707 prime?
False
Is 59881 prime?
False
Is 88649 prime?
False
Is 2315 a prime number?
False
Is 105517 a composite number?
False
Is 6638 prime?
False
Is 959 a prime number?
False
Is 34253 composite?
False
Is 51217 composite?
False
Is 247409 composite?
False
Is 11729 a prime number?
False
Is 56059 a composite number?
True
Is 1003137 prime?
False
Is 63901 composite?
False
Is 656023 composite?
False
Is 1603 composite?
True
Is 440281 a composite number?
False
Is 27785 prime?
False
Is 73009 a prime number?
True
Is 50413 prime?
False
Is 376417 prime?
True
Is 1177 composite?
True
Is 237109 a composite number?
True
Is 217183 composite?
True
Is 132523 composite?
False
Is 134735 prime?
False
Is 7615 a composite number?
True
Is 35914 prime?
False
Is 188158 prime?
False
Is 84047 prime?
True
Is 1087199 prime?
False
Is 5935 a prime number?
False
Is 138239 prime?
True
Is 1795 prime?
False
Is 9491 composite?
False
Is 13577 composite?
False
Is 40661 a composite number?
True
Is 25873 a prime number?
True
Is 2927 prime?
True
Is 28001 composite?
False
Is 694 a composite number?
True
Is 1075211 a composite number?
True
Is 10181 a composite number?
False
Is 250073 a composite number?
False
Is 253499 a composite number?
True
Is 215053 composite?
True
Is 66221 composite?
False
Is 110161 a composite number?
False
Is 29221 a prime number?
True
Is 19889 prime?
True
Is 3415511 a prime number?
False
Is 429317 prime?
False
Is 662917 a prime number?
True
Is 701 a prime number?
True
Is 107857 prime?
True
Is 26959 composite?
False
Is 5737 a composite number?
False
Is 282119 prime?
False
Is 8579 prime?
False
Is 42995 prime?
False
Is 3337 a prime number?
False
Is 19265 a composite number?
True
Is 1181 a composite number?
False
Is 495237 a prime number?
False
Is 1447707 prime?
False
Is 2916611 a composite number?
False
Is 3907 a composite number?
False
Is 14653 composite?
False
Is 444739 a prime number?
True
Is 907 a prime number?
True
Is 352309 a prime number?
True
Is 1657 prime?
True
Is 11255 a prime number?
False
Is 32989 composite?
True
Is 2041 a composite number?
True
Is 254 a prime number?
False
Is 6051 composite?
True
Is 4007 a composite number?
False
Is 9803 a prime number?
True
Is 10037 a composite number?
False
Is 3569666 prime?
False
Is 334931 a composite number?
False
Is 38195 prime?
False
Is 11185 prime?
False
Is 10219 prime?
False
Is 40867 a prime number?
True
Is 110681 composite?
False
Is 82081 a composite number?
True
Is 1108397 composite?
False
Is 1206131 composite?
False
Is 5953 a composite number?
False
Is 27361 a composite number?
False
Is 57769 prime?
False
Is 306419 a prime number?
True
Is 7121 a composite number?
False
Is 159977 composite?
False
Is 578329 composite?
True
Is 577469 composite?
True
Is 3644983 prime?
True
Is 163 composite?
False
Is 15859 composite?
False
Is 29899 composite?
True
Is 9941 a prime number?
True
Is 1928203 prime?
True
Is 8161 prime?
True
Is 36247 composite?
True
Is 1949 composite?
False
Is 259273 a composite number?
True
Is 4049 a composite number?
False
Is 142183 a composite number?
False
Is 200041 prime?
True
Is 56857 composite?
False
Is 17891 a composite number?
False
Is 227567 a prime number?
True
Is 8509 prime?
False
Is 40459 a composite number?
False
Is 121003 composite?
True
Is 319859 a composite number?
True
Is 6619 prime?
True
Is 6958549 a prime number?
False
Is 389887 a composite number?
True
Is 8263 a prime number?
True
Is 508271 a composite number?
False
Is 7961 composite?
True
Is 104513 composite?
False
Is 1536439 a prime number?
True
Is 2773 composite?
True
Is 57367 a prime number?
True
Is 10687 composite?
False
Is 43201 a composite number?
False
Is 21043 a prime number?
False
Is 257657 composite?
False
Is 5627 composite?
True
Is 45481 a prime number?
True
Is 3973 a composite number?
True
Is 9977 composite?
True
Is 97205 a prime number?
False
Is 20693 a prime number?
True
Is 23771 prime?
False
Is 2814463 a prime number?
False
Is 564643 a composite number?
False
Is 374009 a composite number?
False
Is 611529 prime?
False
Is 1020701 a composite number?
True
Is 2053 composite?
False
Is 172709 prime?
True
Is 1866635 composite?
True
Is 6287 composite?
False
Is 53931 composite?
True
Is 1651 prime?
False
Is 44353 a prime number?
False
Is 535151 a composite number?
False
Is 125017 prime?
True
Is 673 prime?
True
Is 5623 a composite number?
False
Is 88769 composite?
True
Is 51353 a composite number?
True
Is 821 a prime number?
True
Is 736591 a composite number?
True
Is 1461 prime?
False
Is 120509 composite?
True
Is 276869 composite?
False
Is 2963 a composite number?
False
Is 1562815 a composite number?
True
Is 423973 a composite number?
True
Is 285343 a prime number?
True
Is 720019 composite?
False
Is 20071 composite?
False
Is 7243 a composite number?
False
Is 193159 a prime number?
False
Is 3574127 a prime number?
True
Is 1259 a prime number?
True
Is 22181 composite?
True
Is 3989 a composite number?
False
Is 220723 a prime number?
False
Is 396479 prime?
True
Is 771109 composite?
False
Is 1065887 prime?
True
Is 4659 a prime number?
False
Is 532837 composite?
True
Is 10903 prime?
True
Is 25869 a prime number?
False
Is 75883 prime?
True
Is 158489 a prime number?
True
Is 12689 composite?
False
Is 18743 composite?
False
Is 1308073 a composite number?
True
Is 8870333 a prime number?
True
Is 84503 a prime number?
True
Is 153407 prime?
True
Is 5998 a composite number?
True
Is 38113 composite?
False
Is 22199 composite?
True
Is 1050559 a composite number?
True
Is 16673 a prime number?
True
Is 12143 a composite number?
False
Is 10453 prime?
True
Is 551197 composite?
False
Is 36973 prime?
True
Is 274642 prime?
False
Is 3977 a prime number?
False
Is 5326 prime?
False
Is 1961 a prime number?
False
Is 8039 a composite number?
False
Is 20701 a composite number?
True
Is 123965 prime?
False
Is 1800673 prime?
False
Is 49573 prime?
False
Is 148817 composite?
False
Is 23357 prime?
True
Is 23979 prime?
False
Is 500353 a prime number?
False
Is 84691 composite?
False
Is 11429 composite?
True
Is 1404211 a composite number?
False
Is 51941 a prime number?
True
Is 419249 a prime number?
True
Is 171267 a prime number?
False
Is 96623 composite?
True
Is 1165447 composite?
False
Is 173231 prime?
False
Is 749671 a prime number?
False
Is 64569 composite?
True
Is 18803 a composite number?
False
Is 10007 a prime number?
True
Is 38953 prime?
True
Is 27997 prime?
True
Is 215093 a composite number?
True
Is 270649 a prime number?
False
Is 12793 a prime number?
False
Is 252379 a composite number?
True
Is 15079 a prime number?
False
Is 2939 prime?
True
Is 969121 a composite number?
True
Is 11693 a composite number?
True
Is 140383 prime?
False
Is 1621 a prime number?
True
Is 144203 composite?
False
Is 42118 a prime numb